mposite number?
False
Is 1798618 a prime number?
False
Is 13694453 a prime number?
False
Is 962341 a prime number?
True
Is 1028373 composite?
True
Is 1370359 a composite number?
False
Is 2912017 a composite number?
True
Is 50602609 a prime number?
True
Is 12148307 a prime number?
False
Is 2640574 composite?
True
Is 289726979 a composite number?
False
Is 15440143 a prime number?
True
Is 4429739 composite?
False
Is 30433843 a prime number?
False
Is 9541201 prime?
False
Is 2769157 a composite number?
True
Is 2835689 a composite number?
False
Is 28394351 prime?
False
Is 217829567 composite?
False
Is 3816623 prime?
True
Is 66689743 a prime number?
False
Is 1763389 a composite number?
True
Is 864139 a composite number?
True
Is 31744151 composite?
True
Is 63166687 composite?
False
Is 1136133907 composite?
False
Is 53782051 a prime number?
True
Is 24472831 a prime number?
True
Is 1260113 composite?
False
Is 29008673 a composite number?
True
Is 6181643 a composite number?
True
Is 3681742 a prime number?
False
Is 111091 composite?
False
Is 5698031 prime?
True
Is 33770411 composite?
False
Is 476801165 composite?
True
Is 1306901 a composite number?
False
Is 9728317 a composite number?
False
Is 47155555 composite?
True
Is 3136771 a prime number?
False
Is 15004333 composite?
True
Is 4491197 a prime number?
False
Is 842311 composite?
False
Is 241391 composite?
False
Is 996235 a composite number?
True
Is 263390489 composite?
True
Is 75263581 composite?
False
Is 2391937 prime?
True
Is 42301511 prime?
False
Is 59109277 composite?
False
Is 1058615351 a prime number?
True
Is 877421 composite?
True
Is 462273151 a prime number?
True
Is 51826933 a composite number?
False
Is 93741163 a composite number?
True
Is 70996487 a composite number?
False
Is 15261133 prime?
True
Is 541469 prime?
True
Is 32689654 composite?
True
Is 576445121 composite?
True
Is 6874003 a composite number?
False
Is 252331385 composite?
True
Is 3700639 prime?
False
Is 21503323 a composite number?
True
Is 138825311 a prime number?
True
Is 13672273 composite?
True
Is 45170897 composite?
False
Is 491919 a prime number?
False
Is 2603033 composite?
False
Is 22271 a prime number?
True
Is 124984297 composite?
True
Is 171808691 composite?
False
Is 235199 composite?
False
Is 1293809371 composite?
False
Is 59818931 composite?
False
Is 47863729 a prime number?
True
Is 13244299 a composite number?
True
Is 15670331 composite?
True
Is 36213427 a prime number?
True
Is 28456055 a prime number?
False
Is 198851 prime?
True
Is 27518497 prime?
True
Is 22702627 prime?
False
Is 17692057 composite?
False
Is 7010417 composite?
False
Is 393977 a prime number?
True
Is 114191243 a composite number?
False
Is 23654545 a prime number?
False
Is 18870991 a composite number?
True
Is 3098407 a composite number?
True
Is 57359329 a prime number?
True
Is 7155977 a prime number?
True
Is 18092479 a prime number?
False
Is 79615219 prime?
True
Is 1991659 prime?
False
Is 17981357 prime?
True
Is 8093083 a composite number?
False
Is 575117 composite?
True
Is 8903177 prime?
True
Is 6159943 prime?
True
Is 562099 composite?
True
Is 1164367 composite?
False
Is 189664031 prime?
False
Is 10724447 prime?
True
Is 8614637 prime?
True
Is 30352919 composite?
True
Is 934639 a prime number?
True
Is 3393773 composite?
True
Is 228583 a prime number?
False
Is 164408507 a composite number?
True
Is 36775289 prime?
True
Is 212348153 a composite number?
False
Is 60252769 composite?
True
Is 144043 a composite number?
True
Is 121804091 composite?
True
Is 204235 a prime number?
False
Is 9416915 a composite number?
True
Is 26752867 a prime number?
False
Is 36272063 composite?
True
Is 17780869 composite?
False
Is 77033753 a prime number?
True
Is 3620401 a prime number?
True
Is 3243467 a prime number?
True
Is 9047882 prime?
False
Is 1291663 prime?
False
Is 525293 composite?
True
Is 54460174 a composite number?
True
Is 2257901 prime?
False
Is 30150671 composite?
True
Is 57285721 prime?
False
Is 22212701 prime?
False
Is 57959911 a composite number?
False
Is 157790333 a prime number?
True
Is 18860981 composite?
False
Is 1230589 a prime number?
False
Is 40926911 prime?
True
Is 81511291 prime?
True
Is 37959037 a prime number?
True
Is 7800733 a composite number?
False
Is 6654269 prime?
True
Is 33919783 a prime number?
True
Is 524535857 a composite number?
False
Is 6807313 a composite number?
False
Is 155173423 a composite number?
False
Is 24136007 a composite number?
True
Is 4698823 prime?
False
Is 163841 a prime number?
True
Is 47948657 prime?
False
Is 226741 a composite number?
False
Is 751001 a prime number?
True
Is 536767571 a prime number?
False
Is 2757563 composite?
False
Is 9556561 a composite number?
True
Is 655609 prime?
False
Is 79520321 composite?
False
Is 29764873 a prime number?
True
Is 1408213 prime?
False
Is 75191021 a composite number?
True
Is 2281934315 prime?
False
Is 624588689 a composite number?
True
Is 154871 prime?
True
Is 194617 a composite number?
True
Is 3424031 a prime number?
False
Is 77684023 a composite number?
False
Is 10079513 composite?
False
Is 2720359 prime?
True
Is 1737451 prime?
False
Is 4108837 prime?
True
Is 62565289 prime?
False
Is 3903643 prime?
True
Is 12104177 a composite number?
False
Is 348030151 prime?
False
Is 5292437 a composite number?
False
Is 14699914 a composite number?
True
Is 6833969 a composite number?
True
Is 8430577 composite?
False
Is 181454303 a prime number?
False
Is 14219494 a composite number?
True
Is 51171709 prime?
True
Is 600823829 composite?
False
Is 178457423 a prime number?
True
Is 958309 a prime number?
False
Is 6338603 a prime number?
False
Is 119045009 prime?
True
Is 1198419 a prime number?
False
Is 17034529 composite?
False
Is 34992611 a prime number?
True
Is 4466533 a prime number?
False
Is 91285809 a prime number?
False
Is 38427379 a prime number?
False
Is 74032031 a composite number?
False
Is 12385129 composite?
True
Is 30387281 a prime number?
False
Is 38249213 prime?
True
Is 21219533 composite?
True
Is 3037393 composite?
False
Is 1637801 composite?
True
Is 5171161 composite?
False
Is 937905703 composite?
True
Is 189307441 prime?
True
Is 439489153 composite?
True
Is 116016671 prime?
True
Is 62900597 a composite number?
False
Is 2197187 composite?
True
Is 13540577 a prime number?
True
Is 2409899 composite?
True
Is 4341677 a prime number?
False
Is 1627823 composite?
True
Is 17565463 prime?
True
Is 19028123 prime?
True
Is 11875011 a prime number?
False
Is 11022799 a composite number?
False
Is 5726453 a composite number?
True
Is 1201433 composite?
True
Is 43126919 a composite number?
True
Is 275599 composite?
False
Is 2835653 prime?
True
Is 11346763 a prime number?
True
Is 81725983 composite?
True
Is 18737839 composite?
True
Is 19801 a prime number?
True
Is 342014549 a composite number?
False
Is 287669 prime?
True
Is 3566063 a prime number?
True
Is 28199 a composite number?
True
Is 32705147 a prime number?
True
Is 28646207 a composite number?
True
Is 203401979 a prime number?
False
Is 2298493 a prime number?
True
Is 2536067 prime?
True
Is 11843957 composite?
True
Is 112294057 a composite number?
True
Is 2091527 a prime number?
False
Is 21127273 prime?
True
Is 783359 composite?
False
Is 27318773 a composite number?
False
Is 4338497 a composite number?
True
Is 44968813 prime?
False
Is 46804697 a composite number?
False
Is 15047767 a composite number?
True
Is 12066371 a composite number?
True
Is 364787249 a composite number?
False
Is 11045731 composite?
True
Is 2620019 composite?
False
Is 13108547 a composite number?
True
Is 44636831 composite?
False
Is 34957037 a prime number?
True
Is 4107947 composite?
False
Is 1469317 a prime number?
False
Is 468766847 a composite number?
True
Is 17701247 a composite number?
False
Is 269977531 prime?
True
Is 714526 a prime number?
False
Is 29476591 prime?
True
Is 250663601 composite?
False
Is 1594523 prime?
False
Is 43107919 a prime number?
True
Is 5745637 prime?
False
Is 2861563 a prime number?
False
Is 88661003 prime?
True
Is 143697263 composite?
False
Is 1012191 prime?
False
Is 10030679 prime?
True
Is 198427681 prime?
True
Is 104646161 composite?
True
Is 84504197 prime?
True
Is 5060731 composite?
True
Is 987751363 a prime number?
True
Is 149609373 composite?
Tr